{"id":521,"date":"2022-09-28T18:08:39","date_gmt":"2022-09-28T18:08:39","guid":{"rendered":"https:\/\/jmkudokan.com.mx\/?page_id=521"},"modified":"2022-09-29T18:51:09","modified_gmt":"2022-09-29T18:51:09","slug":"politica-de-privacidad-y-condiciones-de-servicio","status":"publish","type":"page","link":"https:\/\/jmkudokan.com.mx\/?page_id=521","title":{"rendered":"Pol\u00edtica de privacidad y Condiciones de servicio"},"content":{"rendered":"\n<p>PYCIS Psicolog\u00eda y Capacitaci\u00f3n Integral S.C. tiene como una de sus principales prioridades respetar y salvaguardar los datos personales de los usuarios y brindar servicios de calidad y con las mejores pr\u00e1cticas en materia de capacitaci\u00f3n presencial y en l\u00ednea.<\/p>\n\n\n\n<p>Le informa a usted el tipo de datos que recolecta, como lo almacena, la finalidad de dicha informaci\u00f3n, como los protege, con quien los comparte, el alcance de su compromiso de privacidad y los derechos del usuario como titular de la informaci\u00f3n.<\/p>\n\n\n\n<ol class=\"wp-block-list\" type=\"1\"><li>\u00bfQu\u00e9 tipo de informaci\u00f3n recolectamos?<\/li><\/ol>\n\n\n\n<p>Podemos recabar sus datos personales de distintas formas: cuando usted nos los proporciona directamente o bien obteni\u00e9ndolos de forma indirecta a trav\u00e9s de los medios que permite la ley.<\/p>\n\n\n\n<p>Recaba la siguiente informaci\u00f3n para fines de promoci\u00f3n, venta de cursos.<\/p>\n\n\n\n<ul class=\"wp-block-list\"><li>Nombre (s) y Apellidos.<\/li><li>Tel\u00e9fonos (celulares y locales)<\/li><li>Correo electr\u00f3nico.<\/li><li>Direcci\u00f3n, Estado o Municipio o<\/li><li>Alcald\u00eda, C\u00f3digo Postal<\/li><li>Trayectoria Laboral<\/li><li>Nivel de estudios<\/li><li>CURP<\/li><li>RFC<\/li><\/ul>\n\n\n\n<p>De conformidad con el art\u00edculo 9 de la ley de Protecci\u00f3n de Datos Personales en su Posesi\u00f3n de los Particulares, cuando PYCIS Psicolog\u00eda y Capacitaci\u00f3n Integral S.C. recabe de usted estos datos sensibles, le ser\u00e1 requerido su consentimiento por escrito para el tratamiento de estos datos, por lo que le solicitamos que indique si acepta o no el tratamiento de sus datos, y en caso de aceptarlo firme nuestro aviso de privacidad con \u201cacepto aviso de privacidad\u201d.<\/p>\n\n\n\n<p>2.- Veracidad de la informaci\u00f3n.<\/p>\n\n\n\n<p>La informaci\u00f3n facilitada deber\u00e1 en todo momento ser veraz y completa. El titular responder\u00e1 por cualquier caso por la informaci\u00f3n proporcionada y, en ning\u00fan caso PYCIS Psicolog\u00eda y Capacitaci\u00f3n Integral S.C. ser\u00e1 responsable de la misma.<\/p>\n\n\n\n<p>3.- Uso de la informaci\u00f3n.<\/p>\n\n\n\n<p>Su informaci\u00f3n personal podr\u00e1 ser utilizada para formar parte de su expediente personal dentro de nuestra empresa.<\/p>\n\n\n\n<p>4.- \u00bfC\u00f3mo almacenamos la informaci\u00f3n?<\/p>\n\n\n\n<p>Una vez obtenida la informaci\u00f3n que se desea conocer, esta es decodificada y clasificada para permanecer en las bases de datos.<\/p>\n\n\n\n<p>PYCIS Psicolog\u00eda y Capacitaci\u00f3n Integral S.C. incorporar\u00e1 mecanismos de protecci\u00f3n con el fin de salvaguardar los datos personales de nuestros usuarios y evitar razonablemente desviaciones, adulteraci\u00f3n, p\u00e9rdida, consulta o tratamiento no autorizado. Nuestra p\u00e1gina cuenta con certificado de seguridad SSL que garantiza el encriptamiento de su informaci\u00f3n bancaria y personal dentro de nuestro sitio.<\/p>\n\n\n\n<p>5.- Confidencialidad de la informaci\u00f3n.<\/p>\n\n\n\n<p>PYCIS Psicolog\u00eda y Capacitaci\u00f3n Integral S.C. Har\u00e1 \u00fanicamente uso adecuado de la informaci\u00f3n obtenida y evitar\u00e1 cualquier uso indebido o venta de la misma.<\/p>\n\n\n\n<p>6.- Uso de Cookies o web Beacons.<\/p>\n\n\n\n<p>Le informamos que no recabamos datos personales a trav\u00e9s del uso de cookies o web beacons y otras tecnolog\u00edas para obtener informaci\u00f3n personal de usted, como pudiera ser la siguiente:<\/p>\n\n\n\n<ul class=\"wp-block-list\"><li>Su tipo de navegador y sistema operativo.<\/li><li>Las p\u00e1ginas de internet que visita.<\/li><li>Los v\u00ednculos que sigue.<\/li><li>La direcci\u00f3n IP.<\/li><li>El sitio que visit\u00f3 antes de entrar al nuestro sitio.<\/li><\/ul>\n\n\n\n<p>7.- \u00bfCon qui\u00e9n compartimos sus datos personales?<\/p>\n\n\n\n<p>Nos comprometemos a no transferir su informaci\u00f3n personal a terceros sin su consentimiento, salvo las excepciones previstas en el art\u00edculo 37 de la Ley Federal de Protecci\u00f3n de datos Personales en Posesi\u00f3n de los Particulares, as\u00ed como a realizar esta transferencia en t\u00e9rminos que fija esa ley.<\/p>\n\n\n\n<p>8.- \u00bfC\u00f3mo se protege la informaci\u00f3n?<\/p>\n\n\n\n<p>PYCIS Psicolog\u00eda y Capacitaci\u00f3n Integral S.C. implementar\u00e1 las herramientas necesarias para la protecci\u00f3n de la informaci\u00f3n del usuario mediante un resguardo f\u00edsico y electr\u00f3nico. Una vez recibidos los datos haremos todo lo posible por salvaguardar su seguridad en nuestros sistemas.<\/p>\n\n\n\n<p>9.- Derechos del titular de la informaci\u00f3n.<\/p>\n\n\n\n<p>Los usuarios podr\u00e1n limitar, modificar o cancelar el uso de sus datos personales mediante una solicitud debidamente requisitada del Formato \u201cSOLICITUD DE EJERCICIO DE DERECHO ARCO\u201d que puede solicitar en nuestras oficinas.<\/p>\n\n\n\n<p>El formato \u201cSOLICITUD DE EJERCICIO DE DERECHO ARCO\u201d deber\u00e1 ser entregada en nuestra sede ubicada en la direcci\u00f3n: Guan\u00e1bana 242 Oficina B Col. Nueva Santa Mar\u00eda Alcald\u00eda de Azcapotzalco C.P 02800 en la Ciudad de M\u00e9xico y anteriormente enviada al correo:<\/p>\n\n\n\n<p><a href=\"mailto:eneagrama13@gmail.com\">eneagrama13@gmail.com<\/a><\/p>\n\n\n\n<p>10.- Modificaciones en la Pol\u00edtica de Privacidad.<\/p>\n\n\n\n<p>Nos reservamos el derecho de efectuar en cualquier momento modificaciones al presente Aviso de Privacidad y adaptarlo a modificaciones legislativas, jurisprudenciales, as\u00ed como pr\u00e1cticas del mercado. Queda bajo responsabilidad del titular preguntar peri\u00f3dicamente por los Avisos de Privacidad para estar al tanto de posibles modificaciones ya que una vez firmado este documento ser\u00e1n aceptadas todas las modificaciones que en un futuro PYCIS Psicolog\u00eda y Capacitaci\u00f3n Integral S.C. realice.<\/p>\n\n\n\n<p>Para cualquier duda, aclaraci\u00f3n o propuesta de colaboraci\u00f3n nos encontramos en: Guan\u00e1bana 242 Oficina B Col. Nueva Santa Mar\u00eda Alcald\u00eda de Azcapotzalco C.P 02800 en la Ciudad de M\u00e9xico. Cel: 5554352521.<\/p>\n\n\n\n<p>11.- Condiciones del servicio.<\/p>\n\n\n\n<p>Los servicios ofertados para nuestros clientes pueden ser cursos, talleres, conferencias presenciales, en l\u00ednea y\/o semipresenciales con o sin constancia, se indicar\u00e1 claramente en la promoci\u00f3n y de haber dudas deber\u00e1 comentarlo con el patrocinador al tel\u00e9fono o mediante correo electr\u00f3nico indicados en el p\u00e1rrafo anterior.<\/p>\n\n\n\n<p>12.- Advertencia para la prestaci\u00f3n efectiva del servicio.<\/p>\n\n\n\n<p>La promoci\u00f3n y oferta de los servicios mediante redes sociales como Facebook, Instagram, Twitter, WhatsApp y al ser aceptados por los clientes y usuarios deber\u00e1n cumplir con las siguientes condiciones para que el servicio llegue con la calidad y efectividad que se requiere, por lo tanto sugerimos que se cuenten con las condiciones t\u00e9cnicas y equipo m\u00ednimo para recibir los servicios ofertados y vendidos de manera f\u00edsica y\/o electr\u00f3nica como son: Laptop, PC y\/o tableta que cuente con internet, Memoria Ram de 2 Gigas m\u00ednimo, aplicaciones como Word, Excel, Power Point, PDF, Acrobat, y otros que se requieran para la lectura de textos, videos y formatos en PDF.<\/p>\n\n\n\n<p><\/p>\n\n\n\n<p class=\"has-text-align-center\"><strong>ATENTAMENTE<\/strong><\/p>\n\n\n\n<p class=\"has-text-align-center\"><strong>PYCIS PSICOLOG\u00cdA Y CAPACITACI\u00d3N INTEGRAL S.C.<\/strong><\/p>\n\n\n\n<p><\/p>\n","protected":false},"excerpt":{"rendered":"<p>PYCIS Psicolog\u00eda y Capacitaci\u00f3n Integral S.C. tiene como una de sus principales prioridades respetar y salvaguardar los datos personales de los usuarios y brindar servicios de calidad y con las mejores pr\u00e1cticas en materia de capacitaci\u00f3n presencial y en l\u00ednea. Le informa a usted el tipo de datos que recolecta, [&hellip;]<\/p>\n","protected":false},"author":1,"featured_media":535,"parent":0,"menu_order":0,"comment_status":"closed","ping_status":"closed","template":"","meta":{"footnotes":""},"class_list":["post-521","page","type-page","status-publish","has-post-thumbnail","hentry"],"_links":{"self":[{"href":"https:\/\/jmkudokan.com.mx\/index.php?rest_route=\/wp\/v2\/pages\/521","targetHints":{"allow":["GET"]}}],"collection":[{"href":"https:\/\/jmkudokan.com.mx\/index.php?rest_route=\/wp\/v2\/pages"}],"about":[{"href":"https:\/\/jmkudokan.com.mx\/index.php?rest_route=\/wp\/v2\/types\/page"}],"author":[{"embeddable":true,"href":"https:\/\/jmkudokan.com.mx\/index.php?rest_route=\/wp\/v2\/users\/1"}],"replies":[{"embeddable":true,"href":"https:\/\/jmkudokan.com.mx\/index.php?rest_route=%2Fwp%2Fv2%2Fcomments&post=521"}],"version-history":[{"count":5,"href":"https:\/\/jmkudokan.com.mx\/index.php?rest_route=\/wp\/v2\/pages\/521\/revisions"}],"predecessor-version":[{"id":536,"href":"https:\/\/jmkudokan.com.mx\/index.php?rest_route=\/wp\/v2\/pages\/521\/revisions\/536"}],"wp:featuredmedia":[{"embeddable":true,"href":"https:\/\/jmkudokan.com.mx\/index.php?rest_route=\/wp\/v2\/media\/535"}],"wp:attachment":[{"href":"https:\/\/jmkudokan.com.mx\/index.php?rest_route=%2Fwp%2Fv2%2Fmedia&parent=521"}],"curies":[{"name":"wp","href":"https:\/\/api.w.org\/{rel}","templated":true}]}}